at is -125 (base 8) in base 10?
-85
What is -32 (base 14) in base 8?
-54
What is 2 (base 6) in base 7?
2
Convert e (base 15) to base 6.
22
What is 13 (base 7) in base 10?
10
What is 36 (base 16) in base 15?
39
Convert 13 (base 6) to base 11.
9
Convert -1c (base 13) to base 4.
-121
What is 5 (base 12) in base 9?
5
Convert -5 (base 8) to base 14.
-5
Convert 10011001 (base 2) to base 14.
ad
Convert -70 (base 11) to base 16.
-4d
Convert 3 (base 9) to base 15.
3
What is -25 (base 11) in base 16?
-1b
What is c (base 16) in base 13?
c
What is -10000 (base 2) in base 4?
-100
Convert 6 (base 9) to base 4.
12
What is 24 (base 7) in base 6?
30
Convert -2 (base 11) to base 4.
-2
-2 (base 12) to base 15
-2
What is 9 (base 12) in base 11?
9
What is 22 (base 15) in base 13?
26
1 (base 10) to base 5
1
What is 12 (base 3) in base 5?
10
Convert 101 (base 2) to base 5.
10
Convert 1 (base 4) to base 7.
1
What is -1a (base 11) in base 9?
-23
What is -1 (base 6) in base 10?
-1
15 (base 9) to base 12
12
Convert 222 (base 5) to base 4.
332
What is -e (base 15) in base 3?
-112
What is a0 (base 13) in base 9?
154
Convert -1 (base 10) to base 15.
-1
-12 (base 5) to base 12
-7
What is -23 (base 8) in base 10?
-19
19 (base 11) to base 6
32
What is 0 (base 3) in base 11?
0
Convert 156 (base 7) to base 2.
1011010
What is 1022 (base 3) in base 12?
2b
Convert 215 (base 6) to base 3.
10002
What is -24 (base 11) in base 12?
-22
What is -3 (base 9) in base 16?
-3
Convert 1010 (base 2) to base 11.
a
9 (base 10) to base 8
11
What is -1 (base 12) in base 16?
-1
-a (base 14) to base 4
-22
-40 (base 12) to base 11
-44
-21 (base 6) to base 2
-1101
Convert -1 (base 7) to base 3.
-1
Convert -101 (base 2) to base 8.
-5
Convert -1 (base 3) to base 16.
-1
-1021 (base 3) to base 2
-100010
Convert -10a (base 12) to base 6.
-414
Convert 42 (base 8) to base 6.
54
Convert -2 (base 3) to base 2.
-10
What is 4 (base 9) in base 12?
4
What is 15 (base 7) in base 12?
10
Convert 0 (base 15) to base 6.
0
Convert -113 (base 6) to base 3.
-1200
What is 6a (base 16) in base 2?
1101010
What is -163 (base 9) in base 16?
-8a
What is 2 (base 5) in base 10?
2
What is -4 (base 9) in base 2?
-100
-2 (base 10) to base 4
-2
1 (base 8) to base 3
1
2 (base 13) to base 5
2
6 (base 13) to base 9
6
-1 (base 11) to base 4
-1
11 (base 16) to base 11
16
2 (base 6) to base 11
2
Convert 79 (base 10) to base 8.
117
-116 (base 7) to base 6
-142
Convert -dd (base 14) to base 13.
-120
Convert 240 (base 13) to base 4.
12012
What is 21 (base 5) in base 7?
14
Convert -3 (base 4) to base 15.
-3
c (base 13) to base 16
c
-21 (base 7) to base 16
-f
What is -1 (base 5) in base 16?
-1
-13 (base 6) to base 4
-21
0 (base 7) to base 10
0
What is -5a (base 12) in base 14?
-50
Convert 3 (base 9) to base 14.
3
Convert 42 (base 9) to base 3.
1102
What is 224 (base 7) in base 14?
84
What is -29 (base 12) in base 3?
-1020
1d (base 15) to base 12
24
-98 (base 10) to base 6
-242
Convert -48 (base 16) to base 5.
-242
Convert -13 (base 7) to base 5.
-20
What is 49 (base 11) in base 12?
45
Convert -3 (base 14) to base 13.
-3
What is -2 (base 16) in base 2?
-10
Convert 75 (base 9) to base 8.
104
What is 1101110 (base 2) in base 10?
110
What is 2 (base 6) in base 10?
2
5 (base 8) to base 2
101
What is 1 (base 14) in base 9?
1
-353 (base 7) to base 9
-225
-7 (base 15) to base 3
-21
-23 (base 7) to base 6
-25
Convert -1 (base 15) to base 4.
-1
Convert -225 (base 9) to base 16.
-b9
-151 (base 11) to base 10
-177
-17 (base 9) to base 15
-11
-10 (base 11) to base 3
-102
Convert -142 (base 8) to base 4.
-1202
What is 9 (base 16) in base 11?
9
Convert -23 (base 16) to base 5.
-120
What is 3 (base 4) in base 10?
3
-142 (base 5) to base 11
-43
Convert 10 (base 2) to base 8.
2
13 (base 10) to base 15
d
Convert -1 (base 15) to base 12.
-1
5a (base 11) to base 7
122
Convert 1000 (base 2) to base 9.
8
Convert -a (base 15) to base 5.
-20
Convert 2 (base 9) to base 7.
2
-2a (base 16) to base 9
-46
What is 2 (base 9) in base 10?
2
Convert -4 (base 6) to base 15.
-4
What is -1 (base 10) in base 9?
-1
Convert a (base 15) to base 11.
a
Convert -1 (base 3) to base 8.
-1
What is 48 (base 11) in base 16?
34
What is -12 (base 5) in base 16?
-7
What is -1 (base 15) in base 8?
-1
20 (base 3) to base 8
6
What is -16 (base 7) in base 5?
-23
Convert -3 (base 8) to base 16.
-3
What is -75 (base 11) in base 9?
-101
Convert 22 (base 7) to base 11.
15
6 (base 15) to base 2
110
123 (base 7) to base 12
56
Convert -11 (base 4) to base 14.
-5
What is -50 (base 7) in base 2?
-100011
Convert -5 (base 16) to base 15.
-5
Convert 1aa (base 12) to base 9.
334
-5 (base 6) to base 11
-5
What is 4 (base 15) in base 8?
4
What is 1 (base 12) in base 16?
1
What is 10 (base 7) in base 13?
7
Convert -30 (base 6) to base 7.
-24
Convert -1 (base 2) to base 9.
-1
-43 (base 16) to base 6
-151
212 (base 3) to base 8
27
-50 (base 6) to base 3
-1010
Convert 22 (base 8) to base 3.
200
What is -21 (base 5) in base 3?
-102
What is 33 (base 7) in base 8?
30
2 (base 7) to base 15
2
What is 56 (base 8) in base 2?
101110
1012 (base 5) to base 9
156
-4 (base 6) to base 2
-100
32 (base 5) to base 16
11
What is 3 (base 5) in base 9?
3
-3 (base 14) to base 13
-3
Convert -25 (base 6) to base 9.
-18
-112 (base 4) to base 2
-10110
Convert 10 (base 3) to base 11.
3
Convert 12 (base 3) to base 2.
101
What is cc (base 16) in base 15?
d9
What is 2 (base 16) in base 5?
2
-1 (base 16) to base 5
-1
Convert 8 (base 9) to base 13.
8
Convert 10 (base 2) to base 7.
2
What is -5 (base 6) in base 7?
-5
-2 (base 13) to base 3
-2
-2 (base 6) to base 2
-10
Convert -11 (base 3) to base 10.
-4
-c (base 16) to base 5
-22
-122 (base 9) to base 16
-65
What is -45 (base 7) in base 3?
-1020
Convert 9 (base 15) to base 10.
9
Convert -52 (base 11) to base 8.
-71
-2 (base 12) to base 6
-2
What is 11 (base 15) in base 16?
10
Convert -7 (base 15) to base 6.
-11
What is 11 (base 2) in base 12?
3
-a2 (base 12) to base 2
-1111010
What is 2 (base 10) in base 3?
2
What is -2 (base 3) in base 16?
-2
Convert -60 (base 11) to base 10.
-66
What is 111010 (base 2) in base 14?
42
Convert 71 (base 14) to base 2.
1100011
17 (base 11) to base 8
22
Convert 1100 (base 2) to base 13.
c
1 (base 6) to base 12
1
Convert -20 (base 4) to base 7.
-11
e (base 16) to base 6
22
1a (base 12) to base 7
31
What is -3 (base 8) in base 6?
-3
1 (base 10) to base 15
1
What is 64 (base 14) in base 3?
10021
-138 (base 12) to base 7
-356
Convert -1 (base 7) to base 12.
-1
Convert 2 (base 5) to base 3.
2
What is -40 (base 10) in base 9?
-44
What is 6 (base 7) in base 14?
6
19 (base 12) to base 11
1a
What is -d2 (base 16) in base 7?
-420
What is 3 (base 13) in base 10?
3
-3 (base 4) to base 8
-3
What is 222 (base 3) in base 2?
11010
-f9 (base 16) to base 7
-504
Convert -81 (base 10) to base 2.
-1010001
What is 6 (base 10) in base 6?
10
What is 1011 (base 2) in base 4?
23
What is -28 (base 9) in base 7?
-35
What is -75 (base 10) in base 6?
-203
What is 1021 (base 4) in base 12?
61
7 (base 12) to base 5
12
Convert -1 (base 5) to base 9.
-1
-17 (base 8) to base 3
-120
What is 16 (base 11) in base 9?
18
10000 (base 2) to base 13
13
What is -116 (base 7) in base 3?
-2022
-5 (base 12) to base 11
-5
Convert d (base 14) to base 11.
12
36 (base 11) to base 15
29
What is -43 (base 12) in base 14?
-39
What is 112 (base 5) in base 4?
200
-1 (base 6) to base 9
-1
-154 (base 14) to base 16
-10e
a (base 16) to base 4
22
Convert 32 (base 10) to base 9.
35
a8 (base 14) to base 10
148
121 (base 3) to base 7
22
What is 7 (base 16) in base 2?
111
1404 (base 5) to base 6
1021
18 (base 10) to base 6
30
37 (base 9) to base 5
114
Convert 1033 (base 5) to base 11.
120
Convert -215 (base 12) to base 15.
-155
Convert -13 (base 10) to base 12.
-11
What is -2 (base 4) in base 14?
-2
-a3 (base 13) to base 9
-157
302 (base 6) to base 15
75
What is 1110100 (base 2) in base 12?
98
5 (base 11) to base 3
12
Convert -90 (base 13) to base 7.
-225
-10 (base 9) to base 4
-21
117 (base 8) to base 14
59
What is 1e (base 15) in base 4?
131
What is 1 (base 4) in base 8?
1
Convert 6 (base 12) to base 13.
6
Convert -67 (base 14) to base 5.
-331
What is 22 (base 4) in base 6?
14
What is 1120 (base 3) in base 14?
30
2 (base 14